384?
True
Is 17280 a multiple of 54?
True
Is 2 a factor of 1257?
False
Is 18 a factor of 12927?
False
Does 13 divide 1948?
False
Is 594 a multiple of 19?
False
Does 71 divide 4986?
False
Does 105 divide 2520?
True
Does 94 divide 8526?
False
Does 12 divide 2956?
False
Is 3 a factor of 737?
False
Is 2 a factor of 1920?
True
Is 59 a factor of 7847?
True
Is 2509 a multiple of 5?
False
Does 4 divide 661?
False
Is 8505 a multiple of 105?
True
Is 232 a multiple of 55?
False
Is 86982 a multiple of 19?
True
Is 33386 a multiple of 21?
False
Is 7938 a multiple of 9?
True
Is 9944 a multiple of 113?
True
Is 880 a multiple of 11?
True
Is 10 a factor of 3630?
True
Is 351 a multiple of 72?
False
Does 160 divide 19040?
True
Is 5 a factor of 848?
False
Is 9 a factor of 2019?
False
Does 63 divide 1091?
False
Is 34 a multiple of 2?
True
Does 18 divide 1710?
True
Does 36 divide 19184?
False
Is 1799 a multiple of 106?
False
Is 924 a multiple of 7?
True
Does 16 divide 768?
True
Does 27 divide 1836?
True
Is 9 a factor of 2033?
False
Does 12 divide 324?
True
Does 15 divide 18508?
False
Is 14 a factor of 1022?
True
Is 9 a factor of 1044?
True
Is 38 a factor of 2185?
False
Does 82 divide 12546?
True
Is 2640 a multiple of 60?
True
Does 82 divide 21156?
True
Is 56 a factor of 6221?
False
Is 53 a factor of 13269?
False
Does 48 divide 816?
True
Is 9601 a multiple of 5?
False
Is 7 a factor of 20321?
True
Is 36 a factor of 3109?
False
Does 54 divide 48870?
True
Does 44 divide 805?
False
Is 295 a factor of 57157?
False
Is 1925 a multiple of 175?
True
Does 2 divide 263?
False
Does 26 divide 871?
False
Is 153 a factor of 18813?
False
Is 564 a multiple of 36?
False
Is 11 a factor of 737?
True
Is 3 a factor of 212?
False
Does 48 divide 1187?
False
Is 1195 a multiple of 57?
False
Does 16 divide 48?
True
Is 1904 a multiple of 17?
True
Is 19 a factor of 5586?
True
Does 25 divide 13482?
False
Is 14179 a multiple of 85?
False
Is 28 a factor of 19488?
True
Is 27404 a multiple of 26?
True
Is 1136 a multiple of 79?
False
Is 46 a factor of 4188?
False
Does 2 divide 20415?
False
Is 4706 a multiple of 362?
True
Does 11 divide 264?
True
Is 20 a factor of 960?
True
Does 4 divide 776?
True
Is 344 a multiple of 13?
False
Does 11 divide 1342?
True
Is 52 a factor of 710?
False
Is 13 a factor of 1019?
False
Is 9156 a multiple of 14?
True
Is 2132 a multiple of 13?
True
Is 2800 a multiple of 10?
True
Is 486 a multiple of 54?
True
Does 16 divide 20691?
False
Is 74 a factor of 370?
True
Is 178200 a multiple of 216?
True
Does 98 divide 28910?
True
Is 6 a factor of 634?
False
Does 10 divide 60496?
False
Is 59 a factor of 7316?
True
Does 43 divide 1196?
False
Is 75 a multiple of 15?
True
Is 25 a factor of 38676?
False
Is 3 a factor of 2073?
True
Is 20 a factor of 9994?
False
Does 13 divide 7501?
True
Is 1151 a multiple of 17?
False
Is 3392 a multiple of 28?
False
Is 181 a factor of 23352?
False
Is 6789 a multiple of 20?
False
Is 483 a multiple of 23?
True
Is 738 a multiple of 18?
True
Does 29 divide 3856?
False
Is 832 a multiple of 32?
True
Does 52 divide 11752?
True
Is 11 a factor of 891?
True
Does 108 divide 324?
True
Does 13 divide 865?
False
Is 966 a multiple of 20?
False
Is 15926 a multiple of 16?
False
Is 3832 a multiple of 15?
False
Does 4 divide 860?
True
Is 14 a factor of 266?
True
Is 32 a factor of 1824?
True
Is 125 a multiple of 7?
False
Is 14 a factor of 1837?
False
Is 2610 a multiple of 56?
False
Does 14 divide 2954?
True
Does 60 divide 600?
True
Is 30 a multiple of 5?
True
Does 30 divide 524?
False
Does 18 divide 684?
True
Is 19 a factor of 1311?
True
Does 4 divide 172?
True
Is 50 a factor of 298?
False
Is 6790 a multiple of 35?
True
Does 351 divide 34749?
True
Is 19 a factor of 3939?
False
Does 79 divide 4819?
True
Does 20 divide 112120?
True
Is 9 a factor of 900?
True
Is 123 a factor of 81066?
False
Is 5024 a multiple of 32?
True
Is 7092 a multiple of 5?
False
Is 14004 a multiple of 18?
True
Is 255 a factor of 25755?
True
Is 13067 a multiple of 73?
True
Is 97 a factor of 20134?
False
Is 11631 a multiple of 126?
False
Does 87 divide 5258?
False
Is 20658 a multiple of 13?
False
Is 15 a factor of 31880?
False
Is 27007 a multiple of 66?
False
Does 6 divide 142?
False
Does 194 divide 28102?
False
Is 4 a factor of 8976?
True
Does 9 divide 76788?
True
Is 21 a factor of 2247?
True
Is 12 a factor of 8700?
True
Is 1165 a multiple of 13?
False
Does 25 divide 15401?
False
Is 55 a factor of 2445?
False
Is 94160 a multiple of 20?
True
Does 16 divide 5801?
False
Does 40 divide 560?
True
Is 140 a multiple of 11?
False
Is 16729 a multiple of 19?
False
Is 6 a factor of 14180?
False
Is 189 a factor of 1763?
False
Is 7617 a multiple of 4?
False
Does 79 divide 632?
True
Does 19 divide 247?
True
Is 8 a factor of 2472?
True
Is 108 a factor of 1944?
True
Does 29 divide 22620?
True
Is 642 a multiple of 22?
False
Does 8 divide 466?
False
Is 20702 a multiple of 22?
True
Is 13 a factor of 416?
True
Is 19 a factor of 2843?
False
Is 57 a multiple of 19?
True
Is 49 a factor of 55713?
True
Does 46 divide 4462?
True
Is 1878 a multiple of 69?
False
Is 27 a factor of 9099?
True
Does 74 divide 1184?
True
Is 923 a multiple of 4?
False
Does 15 divide 720?
True
Does 5 divide 15220?
True
Does 5 divide 655?
True
Is 33 a factor of 1122?
True
Is 11 a factor of 121?
True
Is 3023 a multiple of 11?
False
Does 22 divide 888?
False
Does 26 divide 109042?
False
Is 1900 a multiple of 20?
True
Is 29705 a multiple of 9?
False
Is 892 a multiple of 4?
True
Is 59789 a multiple of 5?
False
Is 9 a factor of 828?
True
Is 6750 a multiple of 90?
True
Does 9 divide 432?
True
Is 24339 a multiple of 57?
True
Does 60 divide 22322?
False
Is 2175 a multiple of 29?
True
Does 5 divide 119?
False
Is 8 a factor of 120?
True
Is 11544 a multiple of 104?
True
Is 148 a factor of 3349?
False
Does 116 divide 116?
True
Does 77 divide 34054?
False
Does 176 divide 22972?
False
Is 170416 a multiple of 100?
False
Does 102 divide 7752?
True
Is 46544 a multiple of 173?
False
Is 7 a factor of 8078?
True
Does 8 divide 2967?
False
Is 7 a factor of 273?
True
Does 406 divide 105154?
True
Is 34 a factor of 608?
False
Does 10 divide 320?
True
Is 9661 a multiple of 14?
False
Is 17 a factor of 28135?
True
Is 8376 a multiple of 158?
False
Is 7568 a multiple of 7?
False
Is 24625 a multiple of 43?
False
Is 51 a factor of 561?
True
Is 7252 a multiple of 196?
True
Is 27 a factor of 1647?
True
Does 197 divide 10181?
False
Is 1287 a multiple of 9?
True
Is 25 a factor of 125?
True
Does 15 divide 57810?
True
Does 18 divide 291?
False
Is 782 a multiple of 24?
False
Does 101 divide 15857?
True
Is 500 a multiple of 30?
False
Is 17 a factor of 6220?
False
Does 10 divide 1686?
False
Is 3498 a multiple of 66?
True
Does 11 divide 543?
False
Does 24 divide 1208?
False
Is 3709 a multiple of 9?
False
Is 66 a factor of 2310?
True
Does 14 divide 636?
False
Is 5 a factor of 12010?
True
Is 75268 a multiple of 31?
True
Is 98 a multiple of 14?
True
Does 12 divide 12324?
True
Is 10 a factor of 72290?
True
Does 2 divide 10?
True
Is 23 a factor of 1026?
False
Is 22230 a multiple of 65?
True
Is 921 a multiple of 8?
False
Is 1667 a multiple of 48?
False
Does 125 divide 18875?
True
Does 52 divide 250?
False
Is 495 a multiple of 9?
True
Is 6649 a multiple of 10?
False
Is 20 a factor of 720?
True
Is 3639 a multiple of 17?
False
Does 18 divide 17812?
False
Is 81 a factor of 810?
True
Is 18 a factor of 592?
False
Is 324 a multiple of 54?
True
Is 42 a factor of 3570?
True
Does 26 divide 116?
False
Is 35005 a multiple of 38?
False
Does 8 divide 9299?
False
Is 26 a factor of 823?
False
Is 41 a factor of 2481?
False
Is 65 a factor of 7011?
False
Is 348 a multiple of 116?
True
Does 22 divide 3931?
False
Is 4 a factor of 52?
True
Does 53 divide 49661?
True
Is 567 a multiple of 9?
True
Does 3 divide 131?
False
Is 619 a multiple of 2?
False
Is 25 a factor of 2212?
False
Is 100 a factor of 3700?
True
Is 2386 a multiple of 25?
False
Is 364 a multiple of 91?
True
Is 672 a multiple of 56?
True
Is 23 a factor of 54556?
True
Is 1296 a multiple of 18?
True
Is 8970 a multiple of 65?
True
Is 6663 a multiple of 3?
True
Does 262 divide 30916?
True
Does 5 divide 2139?
False
Is 6 a factor of 7549?
False
Is 26 a factor of 331?
Fal